be b(19). What is the greatest common factor of m and 6?
2
Suppose b - 26 = -3. Calculate the highest common factor of b and 23.
23
Suppose 10*q = -59 + 2299. What is the greatest common divisor of q and 14?
14
Suppose 4*b - 11 = 9. Let o be 67/b - 2/5. What is the greatest common factor of o and 52?
13
Suppose -5*h + 2*u = -118 + 17, 5*u = 5*h - 95. Calculate the greatest common factor of 3 and h.
3
Let h(m) = -m + 4. Let j be (0/1)/((-3)/3). Let q be h(j). Suppose q*g - 15 = 13. What is the greatest common factor of g and 7?
7
Suppose -77*m + 1848 = -65*m. What is the highest common divisor of 22 and m?
22
Suppose -5*d - 5*y = -130, -4*d + y = -4*y - 140. Calculate the highest common divisor of d and 45.
15
Let w = -3 - -1. Let b be 28*(2 + 3/w). What is the greatest common divisor of 98 and b?
14
Let i(b) = -b**3 + 6*b**2 - 4*b - 6. Let p be i(5). Let v(s) = -s + 1. Let c be v(3). Let w = p - c. Calculate the highest common factor of w and 3.
1
Let m(y) = -3*y**3 + 2*y**2 + 2*y + 1. Let i be m(-1). Let z be 315/(-14)*i/(-6). Calculate the greatest common factor of 75 and z.
15
Let j(h) = h**3 - 4*h**2 - 3*h - 7. Suppose -2*i + 0 = -10. Let p be j(i). Calculate the highest common factor of p and 2.
1
Suppose 0 = -3*p + 3*t + 33, 0 = 2*t + 5 + 1. Calculate the greatest common divisor of 4 and p.
4
Let q(i) = -i**2 - 14*i - 28. Let b be q(-9). What is the highest common factor of b and 68?
17
Suppose -4*t + 17 = 5*k, -2*t - 3*t + 10 = -5*k. Suppose -3*v = -w + 2*w - 195, 5*w - t*v - 993 = 0. Calculate the highest common divisor of 18 and w.
18
Let x(o) = -2 - 2*o - 2 + 5*o**2 + 2. Let c be x(2). Suppose c = -5*a + 64. What is the highest common divisor of 10 and a?
10
Let d(s) = -2*s - 6. Let z be d(-9). What is the greatest common factor of z and 108?
12
Let u(a) = a**2 + a + 6. Let i(b) = b**2 - 6*b - 7. Let c be i(7). Let z be u(c). Suppose -w + 2 = -4. What is the greatest common factor of w and z?
6
Let k(p) = -2*p + 4. Let r be k(-8). Let o = 47 - r. Let s = 5 - 2. What is the highest common divisor of s and o?
3
Suppose w - 25 = -5*m, -4*m + 3*w + 20 = 4*w. Calculate the greatest common divisor of 15 and m.
5
Suppose 4*f + 2*r = 16, 0 = 5*r - r - 8. Let m be -3 + 0 + f - -3. What is the highest common factor of m and 3?
3
Suppose 3 = -w - 2*l + 28, 3*w - 67 = -4*l. Suppose -5*a + 4*k = -61, 0*a - a = 4*k - w. Calculate the highest common factor of 65 and a.
13
Let a be ((-4)/6)/((-13)/234). What is the greatest common divisor of 24 and a?
12
Let v(t) = t - 3. Let l be v(3). Suppose -36 = -4*m - l*m. Let d = 44 - m. What is the greatest common factor of 5 and d?
5
Let r be 42 + 34/17 + -5 + 1. Let z be 4*(-2 - (-13)/4). Calculate the highest common divisor of z and r.
5
Let v(z) = -63*z - 15. Let a be v(-8). Let f = a - 337. Calculate the highest common factor of 19 and f.
19
Suppose -5*h + 0*h = -25. Let z(p) = 3*p**2 + 6*p + 3. Let a be z(h). Let t be (-19 + 15)/((-1)/3). Calculate the highest common divisor of t and a.
12
Let u(n) = -n + 1. Let h be u(-6). Calculate the greatest common divisor of 28 and h.
7
Let z be (6/3)/(-2) - -64. What is the highest common factor of z and 9?
9
Suppose 49 = 9*z - 2*z. What is the highest common divisor of 7 and z?
7
Let h be ((-62)/(-3))/(14/63). Suppose -h = 5*m - 303. What is the greatest common factor of 28 and m?
14
Let c(l) = 2 + l**2 - 3 + 0*l**2 + 10*l - 2*l**2. Let p be c(8). Calculate the greatest common factor of p and 5.
5
Let q be 1/(42/(-45) + 1). Calculate the greatest common factor of q and 15.
15
Suppose 15 = 5*f - 30. Let p = f + 4. What is the highest common factor of p and 13?
13
Suppose -4*d + 650 = -5*o, 3*d + 32 = -o + 529. Calculate the highest common factor of d and 15.
15
Let j = -44 - -92. Let b be -3*((-8)/2 + 0). What is the highest common factor of j and b?
12
Suppose 4*f + 4*s = -72, 6*s = s + 20. Let i = f - -38. What is the highest common divisor of i and 128?
16
Let d = 18 + -9. Let w = -3 - -12. What is the greatest common divisor of d and w?
9
Suppose 19 = 5*m - 1. Let q be 485/15 - 2/6. Calculate the greatest common divisor of m and q.
4
Suppose 68 = 2*f + 2. What is the highest common factor of 3 and f?
3
Let p be (-1)/2 + 254/4. Calculate the greatest common factor of 9 and p.
9
Let y = 308 - 210. What is the highest common divisor of 14 and y?
14
Suppose -3*z = 3*z - 102. Suppose 0 = -4*n - 3*g + 65, -3*g = -n - 0*n + 20. What is the greatest common divisor of z and n?
17
Let j = 67 - 46. What is the greatest common divisor of 189 and j?
21
Suppose 4*x + 0*q - 424 = q, -3*q - 222 = -2*x. Calculate the greatest common factor of 30 and x.
15
Let s(z) = -3*z - 6. Let b be s(-5). Suppose 0 = -4*f - 21 - 131. Let d = f + 56. Calculate the greatest common factor of b and d.
9
Let t(h) = h - 13. Let g be t(9). Let j be (6/1)/(g/10). Let k = j - -28. What is the highest common factor of k and 78?
13
Suppose 0*u + 2*u + 5*f = 46, -3*u - f = -43. Let w = -199 + 394. Suppose a = -4*a + w. Calculate the highest common factor of u and a.
13
Let r(k) = k. Let n(c) = 2*c**2 - 5. Let s(i) = n(i) + 6*r(i). Let z be s(-5). Suppose -z - 5 = -4*w. What is the greatest common divisor of 20 and w?
5
Let d(i) = 33*i - 2. Let j be d(2). Calculate the greatest common divisor of j and 16.
16
Suppose a + 87 + 167 = 0. Let i = 362 + a. Let p be 1/((-33)/36 + 1). Calculate the highest common divisor of i and p.
12
Suppose 5*l - 277 = -3*o, 5*o - 219 = -4*l - 0*o. Suppose 5*k - 60 = 80. Let s = -14 + k. Calculate the greatest common factor of l and s.
14
Suppose -4*h = 4*g - 32, 6*h + 3*g - 27 = 2*h. Let y = -183 + 189. Calculate the greatest common divisor of y and h.
3
Suppose 2*b - 3 = 53. Let a = -1 + 4. Let g = a + 1. What is the highest common factor of b and g?
4
Let q be (-2 - -1) + 12/4. What is the highest common divisor of 6 and q?
2
Let x be 208/(-40) + 2/10. Let v be (x - -3) + 13 + 0. What is the highest common factor of 121 and v?
11
Suppose 3*j + 2 = 11. Let b = 2 - j. Let c(n) = n**2 - n. Let z be c(b). Calculate the greatest common divisor of 6 and z.
2
Let t(d) = 15*d - 22. Let c be t(2). Calculate the highest common divisor of c and 28.
4
Suppose -4*n = -0*n - 144. Let a = 9 + 7. Suppose -c + 8 = -5*c, 2*l + c = a. Calculate the greatest common factor of l and n.
9
Let y(m) = -m**3 - 5*m**2 - 5*m - 2. Let l be y(-4). What is the highest common divisor of l and 10?
2
Suppose 4*l = -16, 4*t + l + 3*l - 184 = 0. Calculate the highest common factor of t and 20.
10
Suppose 125 = -4*m - 291. Let u = -2 - m. Suppose f = a + u, 4*a = -4*f + f + 285. Calculate the highest common divisor of f and 9.
9
Let y(f) = f**3 - 3*f**2 + 4*f - 3. Let i be y(2). What is the greatest common factor of i and 9?
1
Let u be -2*2/4 + 85. Let m = 49 - 35. What is the greatest common divisor of m and u?
14
Let v be 2/8*-16*(-2)/4. What is the greatest common divisor of 14 and v?
2
Let h(k) = 3*k**3 + k**2 + k - 1. Let m be (1/3)/(2/6). Let p be h(m). Let y be -33*(-6)/9*2. Calculate the highest common divisor of y and p.
4
Suppose -11*f + 86 = -9*f. Let g = f + -25. Calculate the greatest common factor of 2 and g.
2
Let a(s) = 11*s - 15. Let m be a(9). Calculate the greatest common divisor of 14 and m.
14
Let b be 1/(0 + 2/6). Suppose u - 2*m - 24 = 0, 4*m + 17 + b = 0. What is the greatest common divisor of 126 and u?
14
Suppose -5*q + 0*q + 100 = 0. What is the highest common divisor of 20 and q?
20
Suppose 20 = j + 4*j. Suppose 5*x - j*f - 302 - 1686 = 0, -5*x + 1970 = 5*f. What is the highest common divisor of x and 36?
36
Suppose -5*p = -43 - 42. What is the greatest common divisor of 51 and p?
17
Let m be 4/((-8)/(-678)) + -3. Calculate the greatest common divisor of m and 21.
21
Suppose -i + 2 = 4*t, 6*t - t + 3 = -4*i. What is the highest common factor of t and 43?
1
Suppose -5*l - 15 = 0, 3*j + 6 = -5*l + 3. What is the greatest common divisor of 6 and j?
2
Let w = -9 + 30. Let o be ((-15)/(-20))/((-2)/(-8)). What is the highest common divisor of w and o?
3
Let h(f) = -f**2 + 6*f - 2. Let q be h(5). Let v(x) = 2*x**2 + 2*x - 1. Let k be v(-2). What is the greatest common divisor of q and k?
3
Let p be 23/(-4) - 6/(-8). Let b = 0 - p. Let y = 19 - b. Calculate the highest common facto